t is the remainder when 40 is divided by h(-4)?
12
Let a(u) = -19*u + 3. Let m be a(-3). Suppose -5*j - m = -5*v + 5, -5*j + 5 = 2*v. Calculate the remainder when v is divided by 4.
2
Suppose 44 - 224 = -18*r. Calculate the remainder when 49 is divided by r.
9
Let v = -3 + 3. Let u be (1 - 4)*1 + v. What is the remainder when 29 is divided by 2/u*3 + 12?
9
Let i(s) = -s**3 + s**2 + 13. Suppose 0 = 4*j + 3*q + 2 + 10, -4*q - 16 = j. Let n(p) = 2*p**2 - p + 4. What is the remainder when n(-3) is divided by i(j)?
12
Suppose 4*y + 5*v = 49, -3*y - v + 36 = 2*v. Calculate the remainder when 18 is divided by y.
7
Suppose -2*o + 7*o - 15 = 0. Calculate the remainder when 8 is divided by o.
2
Let f be 4/10 - (-2)/(-5). Let g(t) = -t + 7. Let p be g(12). What is the remainder when 18 is divided by (f + p)*-1*2?
8
Let x(a) = -2*a - 3. Let m be x(-4). Suppose 5*c - 9 - 30 = -2*b, -c = -m*b + 57. What is the remainder when 34 is divided by b?
10
Let x = 15 + 20. Calculate the remainder when x is divided by 8/(-3)*(-27)/4.
17
Let j(o) = 6*o**2 - 4*o + 1. Calculate the remainder when j(-3) is divided by 17.
16
Let b = -13 + 38. Calculate the remainder when 98 is divided by b.
23
Let c = 190 + -123. Calculate the remainder when c is divided by 14.
11
Let l = -68 + 114. Calculate the remainder when l is divided by 6.
4
Let c be (8/14)/((-10)/(-35)). Suppose c*l - 10 = -2*b, b + 9 = l - 2. What is the remainder when 14 is divided by l?
6
Suppose -4*z + 29 = 3*k, 3*k + z - 26 = k. What is the remainder when k is divided by 8?
7
Let l = 50 - 17. What is the remainder when 196 is divided by l?
31
Suppose -2*b = b - 75. What is the remainder when b is divided by (-2)/(287/(-91)*1 - -3)?
12
Suppose 0*p + 234 = 6*p. Calculate the remainder when 77 is divided by p.
38
Let d be (0 - -1 - 3)*-24. Let m be (d/9)/(-4)*-18. Let z = m + -14. What is the remainder when 19 is divided by z?
9
Let w(h) = -50*h - 25. Calculate the remainder when w(-3) is divided by 42.
41
Suppose -3*c + 5*n - n + 215 = 0, 4*n - 247 = -3*c. What is the remainder when c is divided by 16?
13
Suppose 2*r + 3 - 9 = 0. Let z(u) = u**2 + 2*u - 4. Calculate the remainder when z(-4) is divided by r.
1
What is the remainder when 8 is divided by 10/((-3 + 1)*-1)?
3
Suppose 0*c = -5*c + 60. Let q = 28 - 46. Let z = 16 - q. What is the remainder when z is divided by c?
10
Let i(s) = -4*s - 14. Calculate the remainder when i(-10) is divided by 14.
12
Suppose 0*c + c = 0. Let p(b) = b + 6. Calculate the remainder when p(c) is divided by 4.
2
Suppose 5*x - 5*t - 695 = 0, 2*x + 258 = 4*x + 3*t. Suppose 0*f + 5*f = x. Suppose -j + 0*j + 53 = 0. What is the remainder when j is divided by f?
26
Let r(x) = x**3 + 2*x**2 - x + 1. Let v(l) = l**2 + 2. Let u be v(0). Let d be ((-1)/u)/((-1)/(-4)). What is the remainder when 7 is divided by r(d)?
1
Suppose -6*v + 264 = 3*h - v, -5*h + 440 = 5*v. Let z = h - 60. Suppose 0 = -5*j + 3*r + 35, -4*r + 25 = r. Calculate the remainder when z is divided by j.
8
Let c be (10/(-3))/(26/(-429)). Let d = -18 + c. Suppose 2*i = 7 + 19. What is the remainder when d is divided by i?
11
Let k(h) = -4*h - 20. Calculate the remainder when 79 is divided by k(-10).
19
Suppose 20 = -4*r - 2*u + 58, 0 = -5*r + 2*u + 61. What is the remainder when r is divided by 7?
4
Suppose 2*q + 0 = -5*s - 2, -8 = 2*s. Suppose -5*d + 18 + 12 = 0. What is the remainder when 154/d + (-12)/18 is divided by q?
7
Let i = -4 - -7. What is the remainder when (4/(-6))/((-2)/93) is divided by 2/6 + 32/i?
9
Let m(x) = x. What is the remainder when m(9) is divided by 6?
3
Suppose 8*u + u = 225. Calculate the remainder when 46 is divided by u.
21
Let n(x) = -2*x - 9. Let a(q) = -q**2 + q - 1. Let t(r) = -5*r**2 + 4*r + 16. Let w(p) = -4*a(p) + t(p). What is the remainder when w(0) is divided by n(-8)?
6
Suppose 3*x + v = 111, 5*x + 3*v - 248 = -63. Suppose 3*b - 15 = 0, -5*l + 5*b + 110 = -60. Suppose -k + 4*k = l. What is the remainder when x is divided by k?
11
Let k = 151 + -101. What is the remainder when 193 is divided by k?
43
Let u(w) = -4*w + 3. Suppose 3*l = k - 7, 13 = 2*k + 2*l - 9. What is the remainder when u(-4) is divided by k?
9
Calculate the remainder when 117/7 - (-4)/14 is divided by 10.
7
Suppose 0 = -h + 3*h - 4. Suppose 5*q + 95 = h*n, 4*n - n - 5*q - 135 = 0. What is the remainder when n is divided by 21?
19
Suppose 0 = 5*u - 2*u. Suppose -4*h = -u*h - 28. Calculate the remainder when h is divided by 2.
1
Let k(d) = 10*d**2 + 3*d - 4. Let t be k(-3). Suppose -63 = -5*m + t. Calculate the remainder when m is divided by 10.
8
Let o be (-32)/(-14) + 12/(-42). Suppose 5*k + 3*q = -q + 95, -3*k = o*q - 57. What is the remainder when 37 is divided by k?
18
Let r = 13 + -8. Suppose r*k - v - 156 = 0, v - 2 = 2. Suppose -8 = -4*q + k. Calculate the remainder when 29 is divided by q.
9
Suppose -6*h + 4*h = -10. Suppose 0 = -v - 3*g + 26, -3*g = -0*v + 4*v - 68. Calculate the remainder when v is divided by h.
4
Suppose 0 = 5*f + 15, -8 = -2*c + 5*f + 45. What is the remainder when 56 is divided by c?
18
Let s = -5 - -9. Suppose 5*d = s*d + 5. Suppose 0 = d*g - 4*t - 162, t = -5*g - t + 174. What is the remainder when g is divided by 18?
16
Let h(i) = -i**2 + 7*i + 1. What is the remainder when h(3) is divided by 8?
5
Let n(x) = -6*x**2 + 2*x - 4. Let z be n(-3). Let d = z + 123. Suppose -40 = -2*t + k, -5*t + d = 4*k - 15. Calculate the remainder when 35 is divided by t.
17
Let p = -67 + 76. Let x(b) = 3*b**3 + 2*b**2 + b - 1. Calculate the remainder when x(2) is divided by p.
6
What is the remainder when ((-6)/(-3) - 3) + 43 is divided by 11?
9
Let p(d) = -8*d - 5. Let c be p(6). Let b = -31 - c. Calculate the remainder when b is divided by 8.
6
Let n = 59 + -23. Calculate the remainder when n is divided by 13.
10
Let w(x) = -x**2 - 5*x + 4. Suppose -f - 3*i = -6*f + 51, 3*f - 33 = i. Let c = -17 + f. What is the remainder when w(c) is divided by 2?
0
Suppose -3*f = 31 - 43. What is the remainder when 13 is divided by f?
1
Suppose 0 = -5*v - 2*k + 21, 0*k = -2*v + 2*k. What is the remainder when 11 is divided by v?
2
Suppose -3*a - 221 = -16*a. What is the remainder when 152 is divided by a?
16
Let j(n) = -n**3 - 8*n**2 - 9*n - 3. What is the remainder when 29 is divided by j(-7)?
7
Let y = 2 + -3. Let h(x) = -94*x**3 + x**2 + 2*x + 1. Let p be h(y). Suppose 10 = 4*j - p. What is the remainder when j is divided by 14?
12
What is the remainder when 2*2 - (-483)/(24/8) is divided by 13?
9
What is the remainder when ((-1380)/(-4))/5 - -2 is divided by 37?
34
Suppose -2*a = -3*a - 8. What is the remainder when 31 is divided by (11*1)/(-7 - a)?
9
Suppose 0 = 5*y + w - 125, 4*y = 3*w + w + 124. What is the remainder when 101 is divided by y?
23
Suppose 6*o - 12 = 3*o. What is the remainder when o is divided by 3?
1
Let m = -121 + 167. Let l(n) = -4*n - 4. What is the remainder when m is divided by l(-4)?
10
Let x(y) = 4*y - 5. Let d(j) = j**3 - 2*j + 2. Let r be d(2). What is the remainder when x(r) is divided by 10?
9
Let t = 70 - 62. What is the remainder when 27 is divided by t?
3
Let n(f) = 2*f + 2. Let q be n(9). Suppose -3*p + 55 = -3*x + 5*x, -5*p = -5*x + 200. Calculate the remainder when x is divided by ((-18)/5)/((-6)/q).
11
Suppose 18 = 3*j + 3*m, -16 = 6*m - 2*m. Suppose 2*r - 51 = 25. Calculate the remainder when r is divided by j.
8
Let f(r) = r**2 + 2*r + 3. Let d be f(-2). Let y = 1 + 4. Suppose d*l - y = 1. Calculate the remainder when 4 is divided by l.
0
Suppose 67 = -3*j + z - 78, -j = -2*z + 40. Let i be 4/((-32)/j)*-4. Let d = -13 - i. Calculate the remainder when 35 is divided by d.
11
Let z be (80/(-12))/((-1)/3). Let d = z + 0. What is the remainder when d is divided by 7?
6
Calculate the remainder when 127 is divided by (-56)/(-14)*(-16)/(-2).
31
Suppose 5*m = -y + 10, -6 = -2*m - 2*y - 2. Suppose m*u + 15 = 5*u. What is the remainder when 17 is divided by u?
2
Let s = -128 - -186. Calculate the remainder when s is divided by 16.
10
Suppose -28 - 3 = -k. Calculate the remainder when 183 is divided by k.
28
Let z = 52 + -31. Calculate the remainder when z is divided by 19.
2
Suppose -b + 3 + 3 = 0. Suppose i - 2*h - 5 = 0, -7 + 27 = 4*i + 2*h. Suppose i*a = 33 + 47. Calculate the